. Calculate the remainder when 75 is divided by d(-15).
9
Let b be 2*5*(-4)/(-8). Let z = -13 - b. Let p = z + 60. Calculate the remainder when p is divided by 11.
9
Suppose -5*a + 4*s + 68 = 3, 15 = 3*s. Let l = 45 - 29. Let j = -6 + l. Calculate the remainder when a is divided by j.
7
Let t(v) = 3*v - 21. Let d be t(11). Let z = 36 - d. Calculate the remainder when z is divided by 7.
3
Let z be (-12)/54 + (-1280)/(-9). Suppose 2*x = -140 - 26. Let y = z + x. Calculate the remainder when y is divided by 15.
14
Suppose 3*k = -k + 8. Suppose 0*j - 6 = -k*j. Calculate the remainder when 4 is divided by j.
1
Let q = -310 + 318. Let f be ((-6)/(-12))/((-1)/(-6)). Let g = f - -28. Calculate the remainder when g is divided by q.
7
Let k(s) = -2*s + 1. Let o(v) = v**3 + 22*v**2 + 21*v + 34. What is the remainder when o(-21) is divided by k(-4)?
7
Suppose -5*d - 98 = 3*o + 62, -4*o = -2*d + 170. Let g = o + 59. What is the remainder when 53 is divided by g?
11
Calculate the remainder when 88 is divided by 15/(5/(-80)*-12).
8
Let f(x) = 5*x + 80. What is the remainder when 88 is divided by f(-14)?
8
Let c(a) = -7*a - 151. What is the remainder when 16 is divided by c(-22)?
1
Suppose -x + 0*x + 31 = 0. Let a = -27 + 20. Let o(h) = -3*h - 5. Calculate the remainder when x is divided by o(a).
15
Let z be 1 - (4 - 2) - 2. Let u = 1 - z. Suppose -u*t + 2*d = -40, 0*d - 16 = -4*d. What is the remainder when 35 is divided by t?
11
Let d(t) = t**2 - 5*t + 6. Let w(g) = -g**2 + 6*g - 7. Let s(y) = 2*d(y) + 3*w(y). Calculate the remainder when 7 is divided by s(6).
1
Suppose -r + 888 = 7*r. Suppose -134 = -3*u - k, 0*u + 2*u - r = -5*k. Suppose 4*y + u = 5*o, 2*y = y + 3. What is the remainder when 42 is divided by o?
9
Let w = -276 - -306. What is the remainder when w is divided by 13?
4
Let l(n) = -72*n - 548. Calculate the remainder when 1118 is divided by l(-8).
26
Let q = 23 + -9. Suppose -37*a - 1360 = -54*a. Calculate the remainder when a is divided by q.
10
Let u(w) = 2*w**2 + 14*w - 27. Calculate the remainder when 1824/14 + 8/(-28) is divided by u(-10).
31
Let i(l) = l + 51. Let p be i(-18). Let r = -31 + p. What is the remainder when 7 is divided by 126/45 - r/(-10)?
1
Let n = 464 + -382. What is the remainder when 327 is divided by n?
81
Let g(j) be the third derivative of -j**4/4 - 19*j**3/6 + 9*j**2. What is the remainder when 45 is divided by g(-7)?
22
Let f(q) = -q**2 + 2*q + 8. Let j be 28/(-182) + 28/13. What is the remainder when 14 is divided by f(j)?
6
Suppose 10*h - 20 = 6*h, -h + 1933 = 4*p. Calculate the remainder when p is divided by 97.
94
Suppose -5*i + 2*p + 28 = 0, 4*p = -3*i - i. Suppose i*w = -16, 3*w + 5 = -5*g + 3. What is the remainder when 1 is divided by 8/g - (1 - -2)?
0
Suppose -1235 - 1461 = -183*k - 500. Suppose -163 = -4*g - 27. Calculate the remainder when g is divided by k.
10
Let w = -553 + 276. What is the remainder when 191 is divided by (-24)/42 + w/(-7)?
35
Let r = -3149 - -5455. Calculate the remainder when r is divided by 110.
106
Let d(h) = -9*h + 21. Let p = 60 + -42. Calculate the remainder when d(-3) is divided by p.
12
Suppose 8*o - 3*o = 1095. Calculate the remainder when o is divided by 28.
23
Let t be ((-2 + 2)/(-2))/2. Suppose -2*a + 8 - 2 = t. Suppose -z = -a - 1. Calculate the remainder when 14 is divided by z.
2
Suppose -22 = 4*b - 94. Let q = 27 + -24. Suppose 4 = 2*k - y - 7, 5*k = -q*y + 22. Calculate the remainder when b is divided by k.
3
Let q(k) be the third derivative of k**5/60 + k**4/4 - 5*k**3/3 + 8*k**2. Suppose 5*v - 25 = 90. What is the remainder when q(5) is divided by v?
22
Let q(k) = 2*k**2 - 2*k - 11. Let x be q(9). Let r = x + -123. Calculate the remainder when 58 is divided by r.
8
Suppose -27*h + 748 = -5*h. Calculate the remainder when h is divided by 7.
6
Calculate the remainder when (11/22)/((-3)/(-78)) is divided by 5.
3
Suppose -41*k + 2726 = 143. What is the remainder when 159 is divided by k?
33
Let o(x) = -4*x**2 + 2*x + 12. Let p be o(4). Let l = p - -66. What is the remainder when 64 is divided by l?
20
Let j = 204 - 188. Calculate the remainder when 142 is divided by j.
14
Suppose 4*u = 7*u - 6. Suppose 0 = u*c - 10, 4*m - 61 = -3*c + 54. What is the remainder when m is divided by 7?
4
Suppose 0 = -2*o - o + 33. Suppose 3*h = 3*k - 198, 0 = -6*k + 7*k - 5*h - 78. What is the remainder when k is divided by o?
8
Suppose -150 = -5*i - 115. Let z = 0 + 5. Suppose 0 = -2*n - 5*g - 19, z*g + 27 = 3*n - 7. Calculate the remainder when i is divided by n.
1
Let c(m) = -2*m**3 - 9*m**2 - 22*m - 22. Calculate the remainder when 197 is divided by c(-4).
47
Suppose 2*v = k - 26, 3*k + 5*v = -55 + 133. Calculate the remainder when 60 is divided by k.
8
Let j = -62 - -73. Calculate the remainder when -42*(-1 - 0) + 0 is divided by j.
9
Let f(w) = w**3 + 12*w**2 - 31*w - 32. Calculate the remainder when 148 is divided by f(-14).
8
Let g = 1 + -1. Suppose -5*i - 16 + 8 = 4*v, -4*i = 4*v + 8. Suppose i = 2*t - 0*t + q - 25, -2*t - 5*q + 29 = g. What is the remainder when t is divided by 7?
5
Calculate the remainder when 5*(6 + 156/20 - -6) is divided by 25.
24
Let c = -58 - -544. Calculate the remainder when c is divided by 156.
18
Suppose 68*v = 19*v + 1519. What is the remainder when 57 is divided by v?
26
Let l = 17 - -5. Let j(y) be the third derivative of -y**6/120 - y**5/12 - 5*y**4/24 + y**3/3 - 8*y**2. What is the remainder when l is divided by j(-4)?
4
Let n(c) = 2*c + 2. Let s be n(-6). Let l be -2*21*5/s. Suppose -l = -2*x + 5*i, -i + 93 = 7*x - 2*x. Calculate the remainder when 71 is divided by x.
17
Calculate the remainder when 8 is divided by (-8)/14 - (-66)/42.
0
Let v = -39 + 45. Let c(p) = 70*p**2 - 1. Let y be c(2). Calculate the remainder when y/v*(-8)/(-12) is divided by 16.
15
Let r = -65 + -10. Let c = r - -114. Calculate the remainder when c is divided by 10.
9
Let r = 89 - 85. Suppose 3*h = -0*y + 3*y - 231, -r*y + 308 = -h. Calculate the remainder when y is divided by 27.
23
Suppose -3 = i - 7. Suppose 4*l - i = 0, -2*y - 5*l + 135 = -0*y. Calculate the remainder when y is divided by 17.
14
Suppose 0 = m + t - 28, -3*t = -m + 5*m - 114. Let v = -19 - -27. Suppose l = 2*l - v. What is the remainder when m is divided by l?
6
What is the remainder when (-18)/45*-1455 - 12 is divided by 11?
9
Suppose 0 = -n + 6*n - 85. Let i(u) = 2*u**2 + 58*u - 62. Calculate the remainder when i(-31) is divided by n.
11
Let l = 22 + -15. Let p = -5 + l. Suppose -6*f - 4*w + 121 = -3*f, -p*w - 151 = -3*f. What is the remainder when f is divided by 16?
15
Let x(j) = -144*j + 1305. Suppose -d = -2*d + 25. What is the remainder when d is divided by x(9)?
7
Let g = -364 + 432. What is the remainder when g is divided by 9?
5
What is the remainder when (-841)/174*(-324)/6 is divided by 95?
71
What is the remainder when 60 is divided by 2 + 156/11 - 24/132?
12
Suppose -m + 5*u = -4*m + 1413, 5*u + 1849 = 4*m. Calculate the remainder when m is divided by 67.
64
Let n(l) = l**3 + 7*l**2 - 10*l - 5. Suppose 5*q - q + 3*d + 29 = 0, -2*q - 5*d - 11 = 0. Calculate the remainder when n(q) is divided by 7.
4
Suppose -3*p + 7*p = u - 42, -3*p = 3*u - 51. Calculate the remainder when u is divided by (76/(-20) + -1)/(2/(-5)).
10
Let n = 82 - 59. Let c(q) = q**2 - 2*q + 10. Calculate the remainder when c(7) is divided by n.
22
Let i(u) = -3*u + 46. Suppose 0 = 10*k + 2*k - 96. What is the remainder when 67 + 1/((-2)/4) is divided by i(k)?
21
Let n(p) = -12*p + 64. What is the remainder when 9 is divided by n(5)?
1
Suppose -3*j + 0*j + 27 = 2*y, -5*j + 15 = 0. Let t = -11 + y. Calculate the remainder when 101 is divided by t/(-13) - (-2688)/104.
23
What is the remainder when 70 is divided by (21/14)/((-9)/(-54))?
7
Let k = -6 + 17. Let q = k - 5. Calculate the remainder when 1/(-9) - 870/(-54) is divided by q.
4
Suppose f + 6*f = 56. What is the remainder when 22 is divided by f?
6
Let k(u) = 2*u**2 + 9*u - 28. Calculate the remainder when k(-12) is divided by 20.
12
Let p = 0 + 7. Let k = -1 + 15. Calculate the remainder when 550/k + (-8)/28 is divided by p.
4
Let i(t) = 4*t + 3. Let p = -23 + 27. What is the remainder when i(p) is divided by (-2 - -1)*7/(-1)?
5
Let s = 2352 + -1836. Calculate the